*b + 183, -2*s + 94 = -b + 3*b. Let o(m) = 2*m**3 + 6 - 11 - 14*m + 15*m**2 + 4*m. What is the remainder when s is divided by o(-8)?
9
Let a(o) = -6*o + 4. Suppose -57*n - 23479 + 24391 = 0. What is the remainder when a(-7) is divided by n?
14
Let r(d) = -d**3 - 9*d**2 - 16*d + 22. Let f be r(-7). Suppose -f = -y - 0. Calculate the remainder when y is divided by 22.
14
What is the remainder when 1340 is divided by 119 - 6/(-4 + 55/10)?
75
What is the remainder when ((-53)/((-1325)/(-50)))/((-2)/125) is divided by 15?
5
Let n = -1132 + 1138. What is the remainder when 1565 is divided by n?
5
Suppose 0 = -2*v - 4*o + 36, o - 89 = -5*v + 2*v. What is the remainder when 119 is divided by v?
23
Let w(g) = g**3 + 22*g**2 + 42*g + 37. Let z be w(-16). Suppose 116 = -897*q + z*q. Let h = 25 - 15. Calculate the remainder when q is divided by h.
9
Let q = 50 - 52. Let j be 1 - ((-1116)/16 - q/(-8)). What is the remainder when (j - (-3 - -2)) + 10/(-5) is divided by 18?
16
Let z = -928 + 1102. What is the remainder when z is divided by 20?
14
Suppose 14*g - 462 = 11*g. Suppose 15*o + g = 499. What is the remainder when o is divided by 16?
7
Let k(z) = z**3 + 30*z**2 + 53*z - 60. Calculate the remainder when 309 is divided by k(-28).
21
Let x = -62 + 57. Let m be (-28)/(-6) + 2/(1 - x). What is the remainder when 2655/m*(-4)/(-12) is divided by 36?
33
Suppose 23*u + 4*p + 738 = 25*u, -p = -3*u + 1147. Calculate the remainder when u is divided by 94.
9
Let m = -36898 - -39282. Calculate the remainder when m is divided by 14.
4
Let k = -5866 + 5954. Calculate the remainder when 361 is divided by k.
9
Let x = -1579 - -1580. Calculate the remainder when 5*((-264)/(-10))/3 is divided by 16 + (x/(-4) - 180/48).
8
Let p = 77734 + -77731. Let t(a) = 14*a**3 + a. Let g be t(1). Suppose -5*m = -c - g, m - 53 = -3*c - 18. What is the remainder when c is divided by p?
1
Suppose -4*x - 1849 = -4*c - 1833, 5*c - x - 36 = 0. Suppose 1 = -m + 5. What is the remainder when m/(-6)*(-65 + -4) is divided by c?
6
Let l = 4 + 2. Let x = 4 + l. What is the remainder when 5 + 220/(-45) - (-13794)/513 is divided by x?
7
Let g(k) = 15 - 39*k + 14*k + 5 + 24*k. Calculate the remainder when 67 is divided by g(10).
7
Let a be ((-294)/105)/((-2)/60). Suppose 0 = w + 5*d - 92, -4*d + a = -5*w + 573. Let h = 111 - w. Calculate the remainder when 82 is divided by h.
12
Let d be (-66)/2*(-1)/3. Let m(z) = -10 + z**2 + 32 + 5*z**2 - 4*z**2 - 10*z. Calculate the remainder when m(d) is divided by 39.
37
Suppose 5*g - 18480 = -5*l, -6*g + l = -9*g + 11080. Calculate the remainder when g is divided by 84.
80
Let f be (-3)/((-15)/160) + (3 - 1). Suppose f*o - 6 = 31*o. What is the remainder when 38 is divided by o?
0
Let x(y) = -3*y**3 + y**2 - 9*y - 171. What is the remainder when x(-7) is divided by 467?
36
Let q(t) = 2*t**2 + 8*t + 3. Suppose -7*o + 5 = -8*o. Let v be q(o). Let h = 20 - v. Calculate the remainder when 22 is divided by h.
1
Let m = 467 - -873. Calculate the remainder when m is divided by 9.
8
Calculate the remainder when 255 is divided by (24/(-30))/(44/(-1210)).
13
Suppose 2*z - 203 - 36 = 99. What is the remainder when z is divided by 59?
51
Let h = -111 - -116. Suppose q = -5*m - 0*m + 56, h*q = -m + 208. Calculate the remainder when q is divided by 12.
5
Let n = 724 + -721. Suppose -4*z + 528 = 2*m, 29*z + 817 = n*m + 30*z. Calculate the remainder when m is divided by 93.
88
Let u = 1136 - 1069. Let l = 55 - 114. Let a = l + u. Calculate the remainder when 23 is divided by a.
7
Let t = -457 + 815. Suppose -t*w + 349*w = -144. What is the remainder when 27 is divided by w?
11
Suppose 3*r - 10 = 5*v, -2*v - 12 = -5*r + 11. Suppose z = -v, 0 = -2*d - 6*z + 2*z + 50. Calculate the remainder when 43 is divided by d.
16
Let p = 37136 - 36856. Calculate the remainder when p is divided by 64.
24
Let z(m) = -2*m**2 - 15*m - 16. Let q be z(-6). Suppose q*d - 133 = -5*w, -3*w - 7*d + 78 = -4*d. What is the remainder when 456 is divided by w?
24
Let y = 2279 + -838. Calculate the remainder when y is divided by 85.
81
Let j(s) = 2 + 7*s + s**3 - 6*s - 4*s**3 + 2*s**2. Let d = 85 - -9. Calculate the remainder when d is divided by j(-2).
30
Suppose 0 = -141*p - 1239 + 6597. Calculate the remainder when 117 is divided by p.
3
What is the remainder when 39 is divided by 198/44 - 2/(-4)?
4
Let g be -3 - 1*(-99 + 4). Suppose -3*y + 4*z + 16 = -115, 2*y + 2*z - g = 0. Let w = y + -26. What is the remainder when w is divided by 8?
3
Let s = -56 - -91. Suppose 3*g + 77 = -y - 418, -3*y + 4*g = 1433. What is the remainder when ((-24)/28)/(3/y) is divided by s?
33
Let q(p) = 3*p**2 + 20*p + 19. Calculate the remainder when (3724/(-6))/(-2) + (-31)/93 is divided by q(-7).
24
Let w = 1266 - 1238. What is the remainder when 155 is divided by w?
15
Let g(u) = -2*u**2 - 49*u + 34. Suppose 4*k - 4*x - 104 = 0, 72 = -11*k + 14*k + 3*x. What is the remainder when k is divided by g(-25)?
7
Let w = 0 + 19. Let m = 4338 + -4322. Suppose -w*z + 78 = -m*z. What is the remainder when z is divided by 15?
11
Suppose -8975 = -2*n - 3*z - 0*z, -4*z - 13420 = -3*n. Suppose -n = -42*j + 2*j. What is the remainder when j is divided by 31?
19
Let i = -182 - -269. Let o = 239 + -239. Suppose 2*g - 8*g + 180 = o. Calculate the remainder when i is divided by g.
27
Let p = -108 + 102. Let k be (-2)/3 + (-16)/p. Let b = 128 + k. Calculate the remainder when b is divided by 44.
42
Let k(z) = -z**2 - 23*z - 33. Let p(h) = -h + 1. Let v(g) = k(g) - 4*p(g). What is the remainder when 141 is divided by v(-16)?
9
Let n(l) = -12*l**3 - 2*l**2 + 1. Let s = -4 - -5. Let f be n(s). Let d(k) = k + 17. What is the remainder when 14 is divided by d(f)?
2
Suppose -b + 0*b - 18 = 0. Let k = -9 - b. What is the remainder when 3 - (-78)/(-30) - (-1664)/40 is divided by k?
6
Let b(i) = -i**3 - 29*i**2 + 23*i - 94. Calculate the remainder when b(-30) is divided by 109.
7
Let w(t) = t**3 - 11*t**2 + 4*t - 24. Let g be w(11). Suppose -44 = -s - g. What is the remainder when 163 is divided by s?
19
Suppose -4*f + 41 = -5*m, -f - 477 + 500 = 3*m. What is the remainder when 777 is divided by f?
7
Suppose -q + 100 - 68 = 0. Calculate the remainder when 123 is divided by q.
27
Let w(n) be the first derivative of 7*n**2/2 - 29*n - 165. What is the remainder when 613 is divided by w(10)?
39
Suppose 34*w + 28*w = 24*w + 1938. What is the remainder when w is divided by 44?
7
Suppose 8*o + 8 = 12*o. Suppose -o*x = 70 - 84. Suppose 0 = x*y - 17 - 32. What is the remainder when 12 is divided by y?
5
What is the remainder when -3*((-2)/(-1) - 3)/(3/309) is divided by 26?
23
Let g be (-4)/6 + 404/3. Let v = g - 42. Suppose -o + 2*m = 0, 4*o = -4*m - 98 + 170. What is the remainder when v is divided by o?
8
Suppose -3*m - r + 7299 = 0, 4815 = 2*m + 223*r - 228*r. What is the remainder when m is divided by 36?
18
Suppose -9*q + 831 = 3*b, q - b - 52 - 31 = 0. What is the remainder when q is divided by 29?
3
Let n(z) = -13*z**2 + 283*z - 16. What is the remainder when n(19) is divided by 12?
8
Let q be 5*(16/(-20))/(-2). Let z be 10/(q + 3) - -13. Calculate the remainder when 153 is divided by 575/z - (-4)/6.
36
Let p(u) be the third derivative of -u**4/3 + 34*u**3/3 - 52*u**2. What is the remainder when 12 is divided by p(8)?
0
Suppose 5*i - 14 = -r - 2*r, 2*r - i - 5 = 0. What is the remainder when -1 - 5 - (-549 + 526) is divided by 6/(5/r - 1)?
8
What is the remainder when 2033 is divided by 42/9*(-69)/(-46) - (-330 + 0)?
11
Suppose 3 = -k + 2*a, 0 = -4*k - 2*a + a + 24. Suppose 0 = k*m - 1 - 254. Suppose m = 4*c - 3*c. Calculate the remainder when c is divided by 27.
24
Suppose 6*v - 3*v = -4*k + 706, -946 = -4*v - 3*k. Let o = 129579 + -129519. What is the remainder when v is divided by o?
58
Suppose -3*r + 76 = r. Let b = -1135 - -1137. Suppose 5*k - 118 = -f, -b*f + 4*k = f - 335. Calculate the remainder when f is divided by r.
18
Let d(s) be the first derivative of -s**4/4 + s**3/3 + 5*s**2 + 8*s - 41. Calculate the remainder when d(-6) is divided by 29.
26
Let m(k) be the first derivative of -11*k**2 + 167*k + 98. Let i(h) = 7*h**2 - 3*h - 3. Calculate the remainder when i(3) is divided by m(7).
12
Suppose -4*f - w = -1149, -3*f - 3*w + 603 = -